0 + 135. Suppose 241 = m*l + v, -v = -5*l + 4*v + 265. List the prime factors of l.
7
Suppose 8*i - 6284 = 6*i - 2*p, 5*p = -2*i + 6272. What are the prime factors of i?
2, 11, 13
Let h = -822 + 1305. What are the prime factors of h?
3, 7, 23
Let u be 20/40*(-2 + 0). List the prime factors of 12/(u + -2) + 44.
2, 5
Let g(r) = 25*r**2 - r - 2. Let u be g(-1). Suppose k - u = -5*k. Suppose -33 = -k*q + 55. What are the prime factors of q?
2, 11
Let b(f) = -452*f**3 - 2*f - 2. What are the prime factors of b(-1)?
2, 113
Suppose -8*w + 4*w + 1383 = -3*q, -5*w = q - 1705. List the prime factors of w.
2, 3, 19
Suppose 5*a = -25, -6*b + 5*b + 2*a = -129. Let f be (-2)/(-6) + (-700)/12. Let m = f + b. What are the prime factors of m?
61
Suppose 0 = -3*y - 3*d + 10032, 4*y - 19296 = d - 5935. What are the prime factors of y?
13, 257
What are the prime factors of ((-7784)/(-14) - (-5)/(-1)) + -3?
2, 137
List the prime factors of (-7)/(-28) - 5/((-80)/924).
2, 29
Suppose -5*r - 10 = 35. Let h(q) = q**2 - 3*q - 17. What are the prime factors of h(r)?
7, 13
Suppose -6*b + 2399 + 343 = 0. List the prime factors of b.
457
Suppose 2*z + 0*z = 5*i + 13, -z - 4*i = 0. Let s(g) = 8*g - 5*g - 8 - g**2 - 2*g + g**3. What are the prime factors of s(z)?
2, 11
Let r = -57 + 389. List the prime factors of r.
2, 83
Let g = -14 + -32. Let x = 156 + g. What are the prime factors of x?
2, 5, 11
Let g = -18 + 30. Let z = 15 - g. Suppose z*y = 7 + 8. List the prime factors of y.
5
Suppose 3*t = -60 + 75. What are the prime factors of t?
5
Suppose -4*z + 1 = -3. Let n = z + -2. Let r = 21 - n. What are the prime factors of r?
2, 11
Let t(o) = 521*o**2 + o + 2. Let a be t(-1). Suppose -4*q - 118 + a = 0. Suppose 4*h - 2*i - 78 = 2*h, -q = -3*h - i. List the prime factors of h.
5, 7
Let t = 2 + 0. Suppose -u + 2 = -2. Suppose -t*n - 150 = -5*w, u*w = -4*n - 11 + 103. List the prime factors of w.
2, 7
Suppose 0 = -8*i + 3*i. Suppose i = -g - g - 74. Let s = g + 97. List the prime factors of s.
2, 3, 5
Let z(h) = -1113*h**3 + 3*h**2 + h - 2. Let i be z(2). List the prime factors of 2*(i/8)/(-9).
13, 19
Suppose -j - 154 = 144. List the prime factors of (-4 - (-66)/12)*j/(-3).
149
Let i be (-1)/1*0/4. Suppose i = -4*k + 13 - 1. What are the prime factors of k?
3
Let l = 4963 - 3468. What are the prime factors of l?
5, 13, 23
Let x = -18 - -18. Let t(c) = -8*c + 5 + x*c + 0*c. List the prime factors of t(-4).
37
Suppose -5*u - 4*w = -17 - 18, 0 = -2*u - 4*w + 26. Suppose -2*l - u*l + 9 = 3*q, 0 = 4*l. Suppose q*o - 1 = 17. What are the prime factors of o?
2, 3
Let o(j) = 6*j**2 + 49*j - 25. List the prime factors of o(14).
11, 167
Let w(b) be the third derivative of b**5/60 + b**4/24 + b**3 + 85*b**2. Suppose -7*y + 2*y = 30. List the prime factors of w(y).
2, 3
Let a = 5259 - 3690. What are the prime factors of a?
3, 523
Let r(g) = -g**3 - 12*g**2 + 5. Let k be r(-12). Suppose -180 = -5*a - 2*z + 7*z, 0 = -5*z - k. List the prime factors of -1*7*(-10)/a.
2
Let f(b) be the second derivative of -b**5/40 - b**4/4 - b**3/6 + 2*b. Let n(r) be the second derivative of f(r). What are the prime factors of n(-7)?
3, 5
What are the prime factors of (-55144)/(-20) - (-24)/(-120)?
3, 919
Suppose 47*c = 43*c + 1272. What are the prime factors of c?
2, 3, 53
Suppose -4103 - 4399 = -6*w. List the prime factors of w.
13, 109
Suppose -5*h = -2*w + 19, -w - 5*h = -h + 10. Let z be w - (3 - 0 - 0). List the prime factors of (-648)/(-15) + z/5.
43
Let w(m) = -4*m - 16. Let t be w(-7). Suppose -t + 100 = 2*r. List the prime factors of r.
2, 11
Let z be (-3)/15 - 291/(-5). Let l = z - 35. Suppose l + 0 = u. List the prime factors of u.
23
Let i(k) = -k - 3. Let a be i(-9). Suppose -n = -5*u + 4 + a, -5*u + 10 = 3*n. List the prime factors of (u - -29)/((-1)/(-1)).
31
Let o(w) = w**3 + 8*w**2 + 2. Let d = -10 - -13. Let c be 2/(-2)*d + -4. List the prime factors of o(c).
3, 17
Let m = -237 + 453. Let h = m - 147. What are the prime factors of h?
3, 23
Let q(g) = 3*g - 7. Let b be -3*5/(10/6). Let w be q(b). Let a = 69 + w. What are the prime factors of a?
5, 7
Let b(z) = -2*z - 6. Suppose 51 = 3*i - 5*v, -v = -0*i + i - 9. Suppose -i*d + 25 = -17*d. List the prime factors of b(d).
2
Let g(q) = 36*q**2 - 7*q + 48. List the prime factors of g(-5).
983
Let p(s) = s**3 - 21*s**2 + 12*s - 13. Let w be p(20). Let i = w + 323. List the prime factors of i.
2, 3, 5
Let m(k) = 2*k**3 - 49*k**2 - 14*k + 12. List the prime factors of m(25).
7, 41
Suppose -16990 = -25*y + 4610. List the prime factors of y.
2, 3
Suppose 25 = 5*r - 10. Suppose 0 = -r*i + 421 - 106. What are the prime factors of i?
3, 5
Let f be -6*(-1)/(6/2). Let t be (-2)/(((-36)/232)/(-9)*-4). Suppose 2*d = 4*a + 28, f*d - 5*a - t = d. List the prime factors of d.
2
Suppose -117 = -3*r + 6*r. Let d be (4/(-2) - -1)*r. Suppose -4*o + 5*o = 5*f + 14, d = 4*o - 3*f. What are the prime factors of o?
3
Let k(t) = 233*t**2 + 7*t - 7. What are the prime factors of k(1)?
233
Let y(x) = x**3 - 10*x**2 - 4*x - 7. Suppose -3*s + 31 = 4*f - 0*s, -2*f - 2*s = -18. Suppose 25 = f*c - 19. List the prime factors of y(c).
2, 5, 7
Let o(w) = 16*w + 38. Let p be o(-4). List the prime factors of (p/(-3))/((-2)/(-42) - 0).
2, 7, 13
Let o = -3076 + 5568. What are the prime factors of o?
2, 7, 89
Let w be 12 + (-2)/(-4)*24/(-6). Suppose 157 = 5*a - m, -19 = -a - m + w. List the prime factors of a.
31
Let c(r) = -r**3 - 9*r**2 - 5. Let a = -14 - -5. Let m be c(a). List the prime factors of 130/25*m/(-2).
13
Let v(x) = 9*x + 1. Let y be 17/2 + 13/(-26). Let n be 2/1 - (y - 8). List the prime factors of v(n).
19
Let w = -12 - 18. Let l = -105 - -95. Let i = l - w. What are the prime factors of i?
2, 5
Let o(v) = v**2 + v - 18. Let h be o(5). List the prime factors of 1/((h/177)/4).
59
Suppose 5*b + 7860 = 5*t, -t + 0*b + 5*b + 1572 = 0. List the prime factors of t.
2, 3, 131
Suppose 5*z = 4*o + 92, -o - 33 = -2*z + 2. Suppose 44 = s + 3*j - z, 5*j = -2*s + 120. What are the prime factors of s?
2, 3, 5
Let t(w) be the third derivative of 0*w - 7*w**2 + 1/6*w**3 - 5/8*w**4 + 0. What are the prime factors of t(-3)?
2, 23
What are the prime factors of (-55008)/(-40) - 8/(-10)?
2, 43
Suppose 0 = -4*a - 3*a + 77. Let m = 8 - a. Let k(y) = 7*y**2 + 3*y + 2. List the prime factors of k(m).
2, 7
Let u = -43 + 45. Suppose -u*n - 5*y + 162 = 0, 3*n - 4*y - 226 = -3*y. What are the prime factors of n?
2, 19
Let t(m) = m**3 - 26*m**2 + 5*m - 39. Let c be t(26). Let j = -1 + -35. Let a = c + j. What are the prime factors of a?
5, 11
Suppose 17*x - 3375 - 1419 = 0. What are the prime factors of x?
2, 3, 47
What are the prime factors of (-2*186 + 7)*-3?
3, 5, 73
Let k(i) = -i**3 - 4*i - 5 + 0 + 5*i**2 + 6*i. Let v be k(5). Suppose v*g - 63 = -4*q + q, 27 = g - 3*q. What are the prime factors of g?
3, 5
Let y(i) = -3*i + 37. Let x be y(12). Suppose 325 = 3*f - 4*t, t = 6 - x. List the prime factors of f.
5, 23
Suppose 0 = -2*p + 7*p + 100. Let i = p - -25. Suppose 0 = -t + 2, -g + 0*g - i*t + 51 = 0. What are the prime factors of g?
41
Let d(q) = 3*q**2 + 4*q + 15. List the prime factors of d(13).
2, 7, 41
Suppose 6*b - b = -1555. Let o = b + 473. What are the prime factors of o?
2, 3
Let k = 36 + -31. Suppose 4*g + 942 = k*m, 14 = -m - 3*g + 191. List the prime factors of m.
2, 3, 31
Suppose 10*t = -1982 + 372. Let g = -110 - t. What are the prime factors of g?
3, 17
Suppose -n = 0, 5*p - 4*n - 19325 = n. List the prime factors of p.
5, 773
Suppose 2 - 12 = -5*f. Let w(q) = -11*q**3 + 7*q**3 - 5*q - 3*q - 11 - 10*q**f + 5*q**3. List the prime factors of w(11).
2, 11
Let k = 7 + -7. Suppose o + 9 = 2*a, k = 2*o + 1 - 3. Suppose -a*y + 3*h = -110, -2*y - 5*h + 0*h + 44 = 0. List the prime factors of y.
2, 11
Let v(g) = g**3 + 10*g**2 + 4*g - 9. Let a be v(-10). Let s = 71 + a. What are the prime factors of s?
2, 11
Let f = 52 - 115. What are the prime factors of 4/(-18) + (-581)/f?
3
List the prime factors of ((-6970)/68)/(1/(-10)).
5, 41
Let h(g) = 7*g - 1. Let y be h(2). Let b(v) = 6*v**2 - 35*v - 2. Let u be b(6). Suppose -y = -u*z + 31. What are the prime factors of z?
11
Let d = -3 + 3. Suppose 4*b - 16 + 20 = d. Let m = b - -35. List the prime factors of m.
2, 17
Suppose -62823 = -